{"id":83,"date":"2015-11-28T11:06:21","date_gmt":"2015-11-28T11:06:21","guid":{"rendered":"http:\/\/localhost:8888\/wordpress\/?page_id=83"},"modified":"2023-04-18T22:07:28","modified_gmt":"2023-04-18T20:07:28","slug":"grundlagen-und-sichere-verwendung-von-psa-level-1","status":"publish","type":"page","link":"https:\/\/www.seiltechnik-hannover.de\/?page_id=83","title":{"rendered":"Grundlagen und sichere Verwendung von PSA &#8211;  Level 1 (DGUV 112-198)"},"content":{"rendered":"<p>Kurs\u00fcbersicht:<\/p>\n<p>In diesem Kurs, der sich an alle richtet, die im absturzgef\u00e4hrdetem Bereich arbeiten, vermitteln wir die Grundlagen der Auswahl von PSAgA, die zum entsprechenden Arbeitsplatz passen.<\/p>\n<p>Inhalt des Kurses ist es den Teilnehmern zu vermitteln welche PSAgA f\u00fcr welchen Arbeitsplatz und welche Situation passt und wie die PSAgA fachgerecht angewendet wird. Weitere Inhalte sind die \u00dcberpr\u00fcfung vor und nach Gebrauch, die Lagerung und\u00a0 Pflege der PSAgA.\u00a0 Nach erfolgter Schulung ist der Teilnehmer in der Lage, hochgelegene Arbeitspl\u00e4tze nach Gef\u00e4hrdung zu beurteilen und entsprechende Ma\u00dfnahmen zu ergreifen. Das Training kann sowogl bei uns im Trainingscenter stattfinden, wenn die Gegebenheiten passen k\u00f6nnen wir die Unterweisung auch bei Ihnen vor Ort abgehalten und den Gegebenheiten entsprechend anpassen.<\/p>\n<p>Der Kurs richtet sich an Teilnehmer, die:<br \/>\n\u2022 Im absturzgef\u00e4hrdeten Bereichen arbeiten<br \/>\n\u2022 H\u00f6henarbeiten jeglicher Art durchf\u00fchren<\/p>\n<p>Achtung:<\/p>\n<p>besteht die Wahrscheinlichkeit, dass Teilnehmer in eine Situation geraten k\u00f6nnen in der ein Absturz m\u00f6glich ist, so\u00a0 ist die Unterweisung Level 2 nach DGUV 112-199 erforderlich.<\/p>\n<p>Kursziele:<br \/>\nVermittlung von gesetzlichen Vorgaben, Regeln und Informationen<br \/>\n\u2022 Gefahren bei Arbeiten in der H\u00f6he<br \/>\n\u2022 Bewertung von Arbeitspl\u00e4tzen nach Gef\u00e4hrdungen<br \/>\n\u2022 Anpassen von pers\u00f6nlicher Schutzausr\u00fcstung gegen Absturz, Eigenschaften und auch deren Einschr\u00e4nkungen<br \/>\n\u2022 Infoprmationen zu Inspektion, Pflege und Wartung von PSA gegen Absturz<br \/>\n\u2022 Bewerten von R\u00fcckhalte-, Positionierungs- und Absturzsicherungssystemen<br \/>\n\u2022 Auswahl und Pr\u00fcfunggeeigneter Anschlagpunkte<\/p>\n<p>\u2022 Benutzung von (Steigschutz)Leitern unter Einsatz der PSAgA<br \/>\n\u2022 Einsatz und Verwendung von H\u00f6hensicherungsger\u00e4ten<br \/>\n\u2022 Benutzung von mitlaufenden Auffangger\u00e4ten an beweglicher F\u00fchrung<br \/>\n\u2022 Gefahren, Ursachen und Behandlung des m\u00f6glichen H\u00e4ngetraumas<br \/>\n\u2022 Planung und Ma\u00dfnahmen bei Notf\u00e4llen \u2022 Demonstration von Rettungstechniken<\/p>\n<p>Vermittelte Normen<br \/>\nDGUV 112-198, BGV A-1, BGR 148, BGR 203. BGI 657, BGI 515, BGI 521, BGI\/GUV-1 8699 und andere Vorschriften, Normen und Informationen.<\/p>\n","protected":false},"excerpt":{"rendered":"<p>Kurs\u00fcbersicht: In diesem Kurs, der sich an alle richtet, die im absturzgef\u00e4hrdetem Bereich arbeiten, vermitteln wir die Grundlagen der Auswahl von PSAgA, die zum entsprechenden Arbeitsplatz passen. Inhalt des Kurses ist es den Teilnehmern zu vermitteln welche PSAgA f\u00fcr welchen Arbeitsplatz und welche Situation passt und wie die PSAgA fachgerecht angewendet wird. Weitere Inhalte sind <a href=\"https:\/\/www.seiltechnik-hannover.de\/?page_id=83\" rel=\"nofollow\"><span class=\"sr-only\">Read more about Grundlagen und sichere Verwendung von PSA &#8211;  Level 1 (DGUV 112-198)<\/span>[&hellip;]<\/a><\/p>\n","protected":false},"author":2,"featured_media":0,"parent":152,"menu_order":1,"comment_status":"closed","ping_status":"closed","template":"template-fullwidth.php","meta":[],"_links":{"self":[{"href":"https:\/\/www.seiltechnik-hannover.de\/index.php?rest_route=\/wp\/v2\/pages\/83"}],"collection":[{"href":"https:\/\/www.seiltechnik-hannover.de\/index.php?rest_route=\/wp\/v2\/pages"}],"about":[{"href":"https:\/\/www.seiltechnik-hannover.de\/index.php?rest_route=\/wp\/v2\/types\/page"}],"author":[{"embeddable":true,"href":"https:\/\/www.seiltechnik-hannover.de\/index.php?rest_route=\/wp\/v2\/users\/2"}],"replies":[{"embeddable":true,"href":"https:\/\/www.seiltechnik-hannover.de\/index.php?rest_route=%2Fwp%2Fv2%2Fcomments&post=83"}],"version-history":[{"count":8,"href":"https:\/\/www.seiltechnik-hannover.de\/index.php?rest_route=\/wp\/v2\/pages\/83\/revisions"}],"predecessor-version":[{"id":1043,"href":"https:\/\/www.seiltechnik-hannover.de\/index.php?rest_route=\/wp\/v2\/pages\/83\/revisions\/1043"}],"up":[{"embeddable":true,"href":"https:\/\/www.seiltechnik-hannover.de\/index.php?rest_route=\/wp\/v2\/pages\/152"}],"wp:attachment":[{"href":"https:\/\/www.seiltechnik-hannover.de\/index.php?rest_route=%2Fwp%2Fv2%2Fmedia&parent=83"}],"curies":[{"name":"wp","href":"https:\/\/api.w.org\/{rel}","templated":true}]}}