{"id":87,"date":"2015-11-29T07:24:42","date_gmt":"2015-11-29T07:24:42","guid":{"rendered":"http:\/\/localhost:8888\/wordpress\/?page_id=87"},"modified":"2023-04-19T08:12:09","modified_gmt":"2023-04-19T06:12:09","slug":"grundlagen-und-sichere-verwendung-von-psa-level-2-inkl-rettungstechniken","status":"publish","type":"page","link":"https:\/\/www.seiltechnik-hannover.de\/?page_id=87","title":{"rendered":"Grundlagen und sichere Verwendung von PSA &#8211; Level 2 (inkl Rettungstechniken)"},"content":{"rendered":"<div><strong>Kurs\u00fcbersicht<\/strong><\/div>\n<div>\n<p>Inhalt des Kurses ist es den Teilnehmern zu vermitteln welche PSAgA f\u00fcr welchen Arbeitsplatz und welche Situation passt und wie die PSAgA fachgerecht angewendet wird. Weitere Inhalte sind die \u00dcberpr\u00fcfung vor und nach Gebrauch, die Lagerung und\u00a0 Pflege der PSAgA.\u00a0 Nach erfolgter Schulung ist der Teilnehmer in der Lage, hochgelegene Arbeitspl\u00e4tze nach Gef\u00e4hrdung zu beurteilen und entsprechende Ma\u00dfnahmen zu ergreifen. Hierzu wird das Training in der Regel vor Ort abgehalten und den Gegebenheiten entsprechend angepasst.<\/p>\n<p>In diesem Kurs werden auch Rettungen nach einem Sturz trainiert.<\/p>\n<p>Der Kurs richtet sich an Teilnehmer, die:<br \/>\n\u2022 Im absturzgef\u00e4hrdeten Bereichen arbeiten<br \/>\n\u2022 H\u00f6henarbeiten jeglicher Art durchfuhren<\/p>\n<\/div>\n<div>Diese Schulung beinhaltet die Inhalte der Unterweisung \u2018Sicherheit bei H\u00f6henarbeiten &#8211; Level 1 und erg\u00e4nzt diese um praktische \u00dcbungen zur Verwendung von Rettungsausr\u00fcstung f\u00fcr verschiedene Rettungsszenarien wie in der DGUV 112-199 gefordert.<\/div>\n<p><strong>Voraussetzungen<\/strong><br \/>\nGesundheitliche Eignung und angemessene k\u00f6rperliche Fitness.<\/p>\n<div><strong>An wen richtet sich der Kurs<\/strong><br \/>\nDer Kurs richtet sich an Teilnehmer, die:<br \/>\n\u2022 Im absturzgef\u00e4hrdeten Bereichen arbeiten<br \/>\n\u2022 H\u00f6henarbeiten jeglicher Art durchf\u00fchren<\/p>\n<\/div>\n<p><strong>Kursziele<\/strong><br \/>\nWie Level 1, zus\u00e4tzlich dazu:<br \/>\n\u2022 Planung und Ma\u00dfnahmen bei Notf\u00e4llen<br \/>\n\u2022 Demonstration von Rettungstechniken<br \/>\n\u2022 Arten, Anwendung und Grenzen von Rettungsger\u00e4ten mit und ohne Hubfunktion<br \/>\n\u2022 Verschiedene Rettungsverfahren und Abl\u00e4ufe, aktive und passive Rettung, H\u00e4ngeentlastung<\/p>\n<p><strong>Normen<\/strong><br \/>\nDGUV 112-198, DGUV 112-199, BGV A-1, BGR 148, BGR 203, BGI 657, BGI 515, BGI 521, BGI\/GVU-1 8699 und weitere Normen und Vorschriften<\/p>\n","protected":false},"excerpt":{"rendered":"<p>Kurs\u00fcbersicht Inhalt des Kurses ist es den Teilnehmern zu vermitteln welche PSAgA f\u00fcr welchen Arbeitsplatz und welche Situation passt und wie die PSAgA fachgerecht angewendet wird. Weitere Inhalte sind die \u00dcberpr\u00fcfung vor und nach Gebrauch, die Lagerung und\u00a0 Pflege der PSAgA.\u00a0 Nach erfolgter Schulung ist der Teilnehmer in der Lage, hochgelegene Arbeitspl\u00e4tze nach Gef\u00e4hrdung zu <a href=\"https:\/\/www.seiltechnik-hannover.de\/?page_id=87\" rel=\"nofollow\"><span class=\"sr-only\">Read more about Grundlagen und sichere Verwendung von PSA &#8211; Level 2 (inkl Rettungstechniken)<\/span>[&hellip;]<\/a><\/p>\n","protected":false},"author":2,"featured_media":0,"parent":81,"menu_order":2,"comment_status":"closed","ping_status":"closed","template":"template-fullwidth.php","meta":[],"_links":{"self":[{"href":"https:\/\/www.seiltechnik-hannover.de\/index.php?rest_route=\/wp\/v2\/pages\/87"}],"collection":[{"href":"https:\/\/www.seiltechnik-hannover.de\/index.php?rest_route=\/wp\/v2\/pages"}],"about":[{"href":"https:\/\/www.seiltechnik-hannover.de\/index.php?rest_route=\/wp\/v2\/types\/page"}],"author":[{"embeddable":true,"href":"https:\/\/www.seiltechnik-hannover.de\/index.php?rest_route=\/wp\/v2\/users\/2"}],"replies":[{"embeddable":true,"href":"https:\/\/www.seiltechnik-hannover.de\/index.php?rest_route=%2Fwp%2Fv2%2Fcomments&post=87"}],"version-history":[{"count":3,"href":"https:\/\/www.seiltechnik-hannover.de\/index.php?rest_route=\/wp\/v2\/pages\/87\/revisions"}],"predecessor-version":[{"id":1044,"href":"https:\/\/www.seiltechnik-hannover.de\/index.php?rest_route=\/wp\/v2\/pages\/87\/revisions\/1044"}],"up":[{"embeddable":true,"href":"https:\/\/www.seiltechnik-hannover.de\/index.php?rest_route=\/wp\/v2\/pages\/81"}],"wp:attachment":[{"href":"https:\/\/www.seiltechnik-hannover.de\/index.php?rest_route=%2Fwp%2Fv2%2Fmedia&parent=87"}],"curies":[{"name":"wp","href":"https:\/\/api.w.org\/{rel}","templated":true}]}}